units digit of (8 - (-1 - -2)) + y?
8
Let m(s) = -s**3 - 13*s**2 + 9*s + 12. What is the units digit of m(-14)?
2
Let o = -29 - -72. What is the units digit of o?
3
Let q(t) = 6*t + 2. Let y be q(-2). Suppose -174 = -5*d - 2*j - j, -4*d - 3*j + 141 = 0. Let o = y + d. What is the tens digit of o?
2
Let w(s) = -4*s + 95. What is the hundreds digit of w(-10)?
1
Let k(u) = -u + 1. Let z(h) = h**2 - 11*h + 8. Let y(r) = -6*k(r) + z(r). Let q be y(6). What is the units digit of q - 0/(-1 + 3)?
8
Let c be (21/(-9))/((-1)/(-3)). Let l = c + 8. What is the units digit of l?
1
Let k(c) = -5*c + 5. Let f(p) = -p + 1. Let d(u) = -9*f(u) + 2*k(u). Let o be d(-3). Let r = 11 - o. What is the units digit of r?
7
Suppose -162 = 5*h + 358. Let c = h - -60. What is the units digit of (-7)/(-35) - c/5?
9
Let b(s) = -s**3 - 5*s**2 + 7*s - 2. Let p be b(-6). Let m = p + 9. Suppose 3*z - m = 32. What is the units digit of z?
1
Let s = -231 - -466. What is the hundreds digit of s?
2
Let j = 7 + -2. Let l = j - -3. What is the units digit of l?
8
Let w = -7 + 18. What is the units digit of w?
1
Suppose 3*f = -f - 3*r + 54, -3*f - 2*r = -40. Let m = f + -7. Suppose -4*v + m = v. What is the units digit of v?
1
Let y be (2/(-5))/((-2)/(-50)). Let r = 14 + y. Suppose -r*m + 33 = -m. What is the tens digit of m?
1
Let q = -67 + 106. What is the tens digit of q?
3
Let z be (-322)/9 - (-2)/(-9). Let o = -12 - z. What is the tens digit of o?
2
Let r(x) = 2*x**2 - 11*x + 4. What is the tens digit of r(7)?
2
Suppose -y - 210 = -6*y. What is the units digit of y?
2
Suppose 24 = 8*p - 12*p. Let h(c) = -c**2 - 10*c - 13. What is the units digit of h(p)?
1
Let i = 10 - 6. Let l be (-205)/(-20) + (-1)/i. What is the units digit of l/2 - (6 - 3)?
2
Let d be (-54)/(-6)*2/(-6). Let w(y) = y**2 + y - 4. What is the units digit of w(d)?
2
What is the tens digit of ((-2)/(-2))/(-3)*(-14 - 253)?
8
Let s be -13 - ((-2)/2 - 0). Let r = s + 27. What is the units digit of r?
5
Let l be (-294)/(-15) + (-4)/(-10). Let q be (27/4)/((-5)/l). Let h = -11 - q. What is the units digit of h?
6
Suppose -2*m = m - 15. Let h(y) = y**3 - 3*y**2 - 6*y + 5. What is the units digit of h(m)?
5
Suppose 31 = s - 4*r, 4*r - 2*r + 32 = 2*s. Let p be s*2/(-8)*-4. Suppose f - g = p, -5*f = -0*f + 3*g - 71. What is the tens digit of f?
1
Let q be 9/(-3) - -4*13. Suppose -5*m + 31 = -q. What is the units digit of m?
6
Let s = 15 - 9. Suppose -w - 3*q - 4 = 0, 2*w + q = -2*w + s. Suppose 2 = w*g - 4. What is the units digit of g?
3
Let m(r) be the second derivative of 0 + 1/2*r**4 - 1/6*r**3 + 3*r - 1/2*r**2. What is the units digit of m(-1)?
6
Let n = 59 + -25. What is the tens digit of n?
3
Let z(b) = -4*b + 2 + 0 + 0*b - 1. Let t(i) = -2*i**2 + i. Let a be t(1). What is the units digit of z(a)?
5
Let n = 25 - -5. Let z = n - 15. What is the units digit of z?
5
Suppose 0 = 5*h - 12 + 2. Let u be (1/(-2))/((-14)/112). Suppose -h*g + u = -0*g. What is the units digit of g?
2
Let v(t) = -t**3 - 3*t**2 + 7*t - 2. Suppose 0 = 4*a - 3*n + n + 22, -4*a - n = 19. What is the units digit of v(a)?
3
Suppose 8*m = 13*m + 75. Let a = m - -55. What is the units digit of a?
0
Let t(k) be the second derivative of k**4/6 + 7*k**3/6 - k**2/2 + 2*k. What is the units digit of t(-5)?
4
Let r(k) = -8*k - 33. What is the units digit of r(-17)?
3
Let l(s) = 5*s. Let z be l(1). Suppose -5*r + 10 = y, 4*y - 40 = -z*r + 4*r. What is the tens digit of y?
1
Let z(n) be the third derivative of n**5/60 - 5*n**4/24 - n**3/3 + 2*n**2. Let a be z(-3). What is the units digit of (-180)/(-22) + (-4)/a?
8
What is the units digit of (-17)/(-51) - (-58)/6?
0
Suppose -4*n = -5*u - 412, -3*n + 3*u - 206 = -5*n. What is the hundreds digit of n?
1
Suppose -9*s - 4*s = -2275. What is the tens digit of s?
7
Let x = -6 - -7. What is the units digit of x?
1
Let t(u) = 4*u**2 - 7*u - 29. What is the tens digit of t(8)?
7
Let l = -43 + 127. What is the units digit of l?
4
Let p = 121 - 90. What is the tens digit of p?
3
Let d(i) = 139*i - 52. What is the hundreds digit of d(3)?
3
Suppose -48 = -3*w - 5*k - 11, -5*w + 43 = -k. Let y = 7 - w. Let x = 2 - y. What is the units digit of x?
4
What is the units digit of ((-9)/((-9)/(-29)))/((-2)/2)?
9
Let o = 1 + 7. What is the units digit of o?
8
Let p = 2 + -2. Suppose 4*n - 3*n = -4*k + 20, 3*n = -k + 16. Suppose 4 = -d - 2*w, p*d = 4*d - n*w - 44. What is the units digit of d?
6
Let t(n) = -n + 13. Let o be t(10). Suppose -2*l + o*c + 4 = -51, 5*c + 109 = 4*l. What is the tens digit of l?
2
Let d be -2*(-1)/2 - -3. Suppose -3*l = -7 + d. What is the units digit of l?
1
Let t(w) be the third derivative of w**5/30 + w**3/3 + 4*w**2. What is the units digit of t(-2)?
0
Let u(k) = k**2 - 4*k - 3. Let t(c) = 4*c**2 - 13*c - 10. Let p(w) = 2*t(w) - 7*u(w). What is the units digit of p(-6)?
5
Let f be 36/7 - 4/28. Suppose 0 = 2*j - f*j + 156. What is the tens digit of j?
5
Let h(q) be the second derivative of -q**3/2 - 7*q**2/2 + 5*q. What is the units digit of h(-5)?
8
Let h(l) = -2*l**2 + 3. Let i be h(2). Let m(d) = -3*d**2 - 10*d - 1. Let r(u) = -u**2 - 3*u. Let w(k) = 2*m(k) - 7*r(k). What is the tens digit of w(i)?
1
Suppose 0*u + 3*u = -9. Let q be u/((-3)/(-1))*-1. What is the units digit of (q - 2/6)*12?
8
Let n(w) = -4*w - 10. Suppose -2*y - 10 - 6 = 0. What is the tens digit of n(y)?
2
Let p = -22 + 143. What is the units digit of p?
1
Let x = 72 + -46. Let j be 165/(-22)*4/(-6). Suppose 0 = -4*v + 3*d + 27, d - x = -j*v - 3*d. What is the units digit of v?
6
Let b(f) = -f**3 + 34. Let c be b(0). What is the units digit of -1 - (c/(-2) + 2)?
4
Suppose -1 = -2*d + 1. What is the units digit of (d/2)/(2/32)?
8
Let l(r) = -r**3 + 6*r**2 + 8*r - 1. Let y be l(7). Suppose -c = c - y. Suppose 5*f = h + 9, -3*h = f - 2 - c. What is the units digit of h?
1
Suppose 7 = -5*k - 3. Let p(q) = q**2 + 3*q + 2. Let l be p(k). What is the units digit of -6*(l + 3/(-6))?
3
Let g(m) = m**3 + 3*m**2 - 5*m + 1. Let u be g(-4). Suppose -u*q - 9 = 106. Let j = -5 - q. What is the units digit of j?
8
Let q(i) = i**2 - 7*i - 2. Let k be q(8). Let d(a) = a**2 - 7*a + 8. What is the units digit of d(k)?
2
Let l(j) = -3*j + 2. Let k be l(-3). Let w = 13 - k. What is the units digit of w?
2
Let j be (-1 - -3 - 33)*-1. Let n be ((-74)/(-10) + -4)*5. Suppose n = 3*l - j. What is the units digit of l?
6
Let l be (-168)/(-9)*(-3)/(-2). Let c = -13 + l. What is the units digit of c?
5
What is the tens digit of ((-1010)/(-5) - 3) + -1 + -1?
9
Suppose 9 = 2*o + o + a, 2*a = -5*o + 15. Suppose -k = -o*k - 2. Let m = k + 2. What is the units digit of m?
1
Suppose 80 = 5*r - 0*r. Suppose -3*f + 2*f + 5*g = -r, 0 = 2*f + 3*g + 7. What is the units digit of f?
1
Let f = -37 + 87. What is the tens digit of f?
5
Suppose 202 + 8 = 5*w. What is the tens digit of w?
4
Suppose 0 = -2*p + 10, 4*v - 5*p = -9 - 24. Let r be (-8)/10*(-15)/2. Let g = v + r. What is the units digit of g?
4
Suppose -c + 2*c + 5*h = 103, -3*h + 625 = 5*c. What is the units digit of c?
8
Let j be (-15)/35 + (-528)/(-7). Suppose -j = -5*r - 0*r. What is the tens digit of r?
1
Let b be (8/10)/(2/10). Suppose d = 10 - 6. Suppose 0 = 4*y + b, -2*k - d*y = -0*k - 8. What is the units digit of k?
6
Let s(a) = -a - 4. Let o be s(-5). What is the units digit of 2/(6/9)*o?
3
Suppose 0*i - 5*i + 20 = 0. What is the units digit of i - ((-3)/3 + -1)?
6
Suppose -w + 2*z = -3*w + 76, -76 = -2*w - 3*z. Let j(b) = b**3 + 5*b**2 + 5*b. Let u be j(-5). Let x = u + w. What is the units digit of x?
3
Suppose 5*u - 3*s - 2*s - 10 = 0, 5*u + 2*s = 38. What is the units digit of 208/u - 8/(-24)?
5
Suppose -14 = -2*n + r, -5*r + 2*r + 21 = n. Let k = n - -4. What is the units digit of k?
3
Suppose 4*a = 3*h, -h + a + 2 = 3. What is the tens digit of -2*h/4 - -40?
4
Suppose -i = -62 + 10. Suppose -s - i = 3*s. Let z = -5 - s. What is the units digit of z?
8
Suppose o = 3*o - 16. Suppose 3*m - o = -3*t + 43, 4*t - 53 = -3*m. What is the units digit of m?
5
Suppose 5*l = -4*h + 18 - 6, 3*h + 10 = l. Suppose -l*d = 3*n - 9, 2*d = -2*d. Suppose -2*a + 0*z + 3*z = -29, 2*a + n*z = -1. What is the units digit of a?
7
Let j(m) = -m**3 - 14*m**2 + 14*m + 13. Let w be j(-15). Suppose 0 = -4*k + w + 8. What 